t common factor of y and 279.
31
Suppose -3*n = 1704 - 1806. What is the highest common factor of n and 170?
34
Suppose -918 = 75*h - 81*h. Calculate the highest common factor of 17 and h.
17
Let p be (-2*(-2)/6)/(10/(-435)). Let u = 61 + p. What is the greatest common factor of u and 160?
32
Let z = -189 + 294. What is the highest common divisor of 45 and z?
15
Suppose 374 + 166 = 15*n. Calculate the highest common factor of 54 and n.
18
Let v = -669 - -682. Calculate the highest common divisor of 3198 and v.
13
Suppose 3*l - 36 - 39 = 0. Let w = 3 + 2. Suppose 2*c + 225 = w*c. What is the greatest common divisor of l and c?
25
Suppose 0 = 5*c + 33 - 23. Let d be ((-208)/(-80))/(c/(-10)). What is the greatest common divisor of d and 52?
13
Let a(r) = 20*r - 183. Let c be a(12). What is the highest common divisor of 209 and c?
19
Let p(n) = -n**3 - 5*n**2 + 3*n + 9. Let m be p(-6). Suppose -5*o + 85 = 5*r, r - 17*o + 15*o = 20. What is the greatest common factor of r and m?
9
Suppose 0 = 31*w - 36*w + 65. Let p = -47 - -86. Calculate the greatest common divisor of p and w.
13
Let b = -13 + 17. Let x = -2 + b. Suppose 0 = x*a + a - 90. Calculate the highest common divisor of 6 and a.
6
Let u(v) = 2*v**2 + 4*v - 7. Let k be u(-4). Let j be 18 - k/((-18)/4). What is the greatest common factor of j and 20?
20
Suppose 23*o - 1869 = 3306. What is the greatest common factor of 175 and o?
25
Suppose -3*r = r - 16. Let u(b) = b - 1. Let p(w) = -6*w. Let a(c) = p(c) + 8*u(c). Let i be a(8). What is the highest common factor of i and r?
4
Let m be ((-35)/(-20))/1*4. Suppose 2*j + 4*s = 38, j + 5*s - m - 3 = 0. Let k be (5 + 0)*(-2 - -4). Calculate the greatest common divisor of k and j.
5
Let m be (((-770)/15)/7)/((-1)/15). Calculate the highest common divisor of m and 10.
10
Let s(a) = a**3 - a + 88. Let w be s(0). What is the highest common factor of w and 8?
8
Let l be (-34)/4*84/(-7). Suppose -x + 7*x = l. Calculate the greatest common factor of x and 119.
17
Suppose 8 = 5*y - 2, 0 = 2*d + y - 800. What is the greatest common divisor of d and 42?
21
Suppose -882*u = -886*u + 5168. What is the highest common factor of u and 76?
76
Suppose -5*z + n = -2*n + 6, 4*n - 8 = -5*z. Suppose z = 23*p - 19*p - 76. Suppose p = 2*v - v. What is the greatest common factor of 133 and v?
19
Let l = -17 - -56. Let w = l + -27. Calculate the highest common divisor of 84 and w.
12
Let v be ((-105)/25)/(1*1/(-30)). Suppose -11*l + 4*l + v = 0. Calculate the highest common factor of l and 12.
6
Suppose 17*v = 16*v - 2. Let i be (-2)/(-1) - (v - -7) - -17. Calculate the greatest common factor of 154 and i.
14
Suppose 0 = -c + 2*v + 79, 4*v + 137 = 4*c - 171. Let a = -278 - -272. Let t be 15/(-4)*40/a*1. Calculate the highest common divisor of c and t.
25
Let d(m) be the second derivative of -m**3/6 + 7*m**2/2 + 3*m. Let j be d(6). Suppose 0 = -2*n - 3 + 11. What is the highest common divisor of j and n?
1
Suppose 0 = 4*b + 26 - 34. Suppose -4*d = -5*l - 112, 2*d - 38 = -b*l + 36. Calculate the greatest common divisor of d and 11.
11
Suppose -n + 4*n - 41 = -2*t, 54 = 4*n + 3*t. Let b be -2*n/(-10) + (161 - -1). What is the highest common divisor of 15 and b?
15
Let u be (-20)/(-30) + 194/6. Calculate the highest common factor of 132 and u.
33
Let p(u) be the second derivative of -5*u + 0 + 187/2*u**2 - 1/3*u**3. Let f be p(0). What is the greatest common divisor of f and 17?
17
Let p(k) = 95*k - 100. Let s be p(5). What is the greatest common divisor of s and 150?
75
Suppose -5*n - 4*k = -495, -2*n - 2*k + 171 + 27 = 0. Suppose 0 = -2*f + n + 143. What is the highest common factor of 11 and f?
11
Let i(d) = d**2 + 4*d + 6. Let y be i(-6). Let z be (-352)/(-10) + 64/80. What is the highest common factor of z and y?
18
Let a be 3 + -4 + -1 + 5. Suppose a*p + 12 = 0, -2*p + 42 + 43 = w. What is the greatest common divisor of w and 31?
31
Let v(f) = -2*f**3 - 3*f**2 + 6*f - 14. Let h be v(6). Let o be (h/4)/(-7)*2. Calculate the greatest common factor of o and 185.
37
Suppose -386 = -36*s + 46. Let j be 2/(4/(-2))*-2. Let a be (j + -38)*(-1)/1. What is the greatest common divisor of a and s?
12
Let u(v) = 7*v + 52. Let q be u(-6). Let j = -30 + 80. Calculate the greatest common factor of j and q.
10
Suppose 10*t - 1085 + 285 = 0. Let r = t + -20. Let o(n) = -n**2 + 9*n - 3. Let m be o(6). What is the highest common divisor of m and r?
15
Suppose -3*t + 76 + 11 = 0. Let g = t + 213. Let h(q) = q**2 - 17*q + 52. Let n be h(15). What is the greatest common divisor of g and n?
22
Suppose -325 = -17*i - 189. Calculate the highest common divisor of i and 72.
8
Suppose 102 + 186 = 3*x. Suppose -5*p = 3*v - 253, -v - p - 3*p = -x. Suppose -5*w + v = -24. Calculate the highest common divisor of 8 and w.
4
Let d(h) = 36*h + 8 - 45*h + 2*h**2 + 26. Let b be d(4). Let j(s) = -23*s - 1. Let v be j(-2). What is the greatest common factor of b and v?
15
Let n = 1388 + -58. What is the highest common divisor of 70 and n?
70
Let s be (-2)/(-9) - (-75)/27. Let h(a) = -5 - 3*a - s*a + 5*a. Let y be h(-7). What is the greatest common divisor of y and 18?
2
Suppose -4*v + 3*v + 13 = 3*o, 21 = 5*v + 4*o. What is the highest common divisor of 107 and v?
1
Let r(x) = 59*x**2 - 19*x + 8. Let m be r(4). Calculate the highest common factor of 12 and m.
12
Let f(a) = 26*a - 60. Let v be f(3). Let x be 362/4 + (-2)/4. Calculate the greatest common factor of x and v.
18
Let w(i) = 16*i + 26. Let j be w(-5). Let c = -33 - j. What is the highest common divisor of c and 28?
7
Suppose 5*i + 20 = 4*g + g, -2*g + 22 = 5*i. Suppose 5*x = -25, d + 4*x - g = -0*x. What is the highest common factor of d and 208?
26
Let u(i) = -i**3 - 8*i**2 + 4*i - 10. Let f be u(-9). Suppose -z + 2*q = -58, -z - q + 26 = -f. Calculate the greatest common factor of 40 and z.
20
Let u(x) = 42*x - 3. Let d be u(1). Calculate the highest common factor of 390 and d.
39
Let l = 61 + -49. What is the greatest common divisor of l and 60?
12
Let x be 0 + -3*2/(-2). Let a be (-8)/(-20) + (-16)/(-10). Suppose 0 = o + 2*b - 175, a*o + b = x*o - 175. Calculate the highest common divisor of 25 and o.
25
Let v = -45 - -46. Let l be ((-6)/12 + 0)/(v/(-96)). What is the greatest common divisor of l and 12?
12
Let j(a) = -1 + 0*a - 6*a + a - a**2. Let q be j(-6). Let p(k) = -4*k - 16. Let l be p(q). Calculate the greatest common divisor of 48 and l.
12
Let a = 29 - 12. Let h = 3 - 5. Let o be ((-119)/h)/(6/12). Calculate the highest common factor of a and o.
17
Let x(l) = -l**3 + 7*l**2 + 17*l + 9. Let n be x(9). Let o be 0 - (n - 39) - (-1 - -5). What is the greatest common divisor of o and 15?
5
Let v = 1 + 3. Let l(o) = -7*o**2 + 44*o - 4. Let q be l(6). Calculate the greatest common factor of q and v.
4
Let m be 126/8 - 1/(-4). Let g be ((-9)/(-2))/((-6)/(-32)). Suppose -16*v - 64 = -g*v. What is the highest common divisor of m and v?
8
Let q be 4*6/9*(-12)/(-8). Suppose 3*h - 9 = -u, q*u - 6*u = 4*h - 26. Calculate the greatest common divisor of u and 63.
21
Let x(u) = u**3 + 416. Let v be x(0). Calculate the highest common divisor of v and 96.
32
Suppose -16*f + 11834 = -7670. What is the greatest common factor of 53 and f?
53
Let k(w) = 23*w - 506. Let d be k(31). Suppose 0 = 2*c + c - 4*p - 158, -3*p = 15. Suppose s - c = -s. Calculate the greatest common factor of d and s.
23
Let d(p) = -325*p + 480. Let f be d(-6). Calculate the greatest common factor of 90 and f.
90
Let r = 478 - 16. Calculate the greatest common factor of 44 and r.
22
Suppose i - 3*i + 36 = 0. Let z(k) = -3*k - 12. Let c be z(-16). Calculate the highest common divisor of c and i.
18
Suppose 4*d + 1 = -2*o + 3, -10 = -2*d + 2*o. Let u be d*(2 - (-122)/4). Let p be (-21)/(-21) + (-5)/((-5)/12). What is the highest common factor of p and u?
13
Suppose 0 = -3*o - 5*o - 96. Let a be 1/((-1 + 0)/o). Calculate the highest common factor of a and 24.
12
Let t be (366/(-9))/((-1146)/162 - -7). What is the highest common factor of 9 and t?
9
Let n(a) = a**3 - 7*a**2 - 7*a - 8. Let f be n(8). Suppose f = -w + 11 + 24. Calculate the highest common divisor of 28 and w.
7
Suppose -3*z - 272 = -344. Calculate the greatest common divisor of 648 and z.
24
Let o = -42 + 31. Let y be 